{"id":52,"date":"2022-02-20T16:28:08","date_gmt":"2022-02-20T15:28:08","guid":{"rendered":"https:\/\/nessana-art.com\/?page_id=52"},"modified":"2023-03-12T10:38:50","modified_gmt":"2023-03-12T09:38:50","slug":"artist","status":"publish","type":"page","link":"https:\/\/nessana-art.com\/en\/artist\/","title":{"rendered":""},"content":{"rendered":"<div class=\"wp-block-columns is-layout-flex wp-container-core-columns-is-layout-9d6595d7 wp-block-columns-is-layout-flex\">\n<div class=\"wp-block-column is-layout-flow wp-block-column-is-layout-flow\" style=\"flex-basis:33.33%\">\n<figure class=\"wp-block-image size-large\"><img data-recalc-dims=\"1\" loading=\"lazy\" decoding=\"async\" width=\"682\" height=\"1024\" data-attachment-id=\"1047\" data-permalink=\"https:\/\/nessana-art.com\/en\/artist\/vanessa-22-07-2022-nr14287-2-c\/\" data-orig-file=\"https:\/\/i0.wp.com\/nessana-art.com\/wp-content\/uploads\/2022\/07\/Vanessa-22.07.2022-Nr14287-2-c.jpg?fit=1305%2C1959&amp;ssl=1\" data-orig-size=\"1305,1959\" data-comments-opened=\"0\" data-image-meta=\"{&quot;aperture&quot;:&quot;0&quot;,&quot;credit&quot;:&quot;&quot;,&quot;camera&quot;:&quot;&quot;,&quot;caption&quot;:&quot;&quot;,&quot;created_timestamp&quot;:&quot;0&quot;,&quot;copyright&quot;:&quot;&quot;,&quot;focal_length&quot;:&quot;0&quot;,&quot;iso&quot;:&quot;0&quot;,&quot;shutter_speed&quot;:&quot;0&quot;,&quot;title&quot;:&quot;&quot;,&quot;orientation&quot;:&quot;0&quot;}\" data-image-title=\"Nessa\u00f1a &amp;#038; George &amp;#8211; (c) Dirk Masbaum\" data-image-description=\"\" data-image-caption=\"\" data-large-file=\"https:\/\/i0.wp.com\/nessana-art.com\/wp-content\/uploads\/2022\/07\/Vanessa-22.07.2022-Nr14287-2-c.jpg?fit=682%2C1024&amp;ssl=1\" src=\"https:\/\/i0.wp.com\/nessana-art.com\/wp-content\/uploads\/2022\/07\/Vanessa-22.07.2022-Nr14287-2-c.jpg?resize=682%2C1024&#038;ssl=1\" alt=\"\" class=\"wp-image-1047\" srcset=\"https:\/\/i0.wp.com\/nessana-art.com\/wp-content\/uploads\/2022\/07\/Vanessa-22.07.2022-Nr14287-2-c.jpg?resize=682%2C1024&amp;ssl=1 682w, https:\/\/i0.wp.com\/nessana-art.com\/wp-content\/uploads\/2022\/07\/Vanessa-22.07.2022-Nr14287-2-c.jpg?resize=200%2C300&amp;ssl=1 200w, https:\/\/i0.wp.com\/nessana-art.com\/wp-content\/uploads\/2022\/07\/Vanessa-22.07.2022-Nr14287-2-c.jpg?resize=768%2C1153&amp;ssl=1 768w, https:\/\/i0.wp.com\/nessana-art.com\/wp-content\/uploads\/2022\/07\/Vanessa-22.07.2022-Nr14287-2-c.jpg?resize=1023%2C1536&amp;ssl=1 1023w, https:\/\/i0.wp.com\/nessana-art.com\/wp-content\/uploads\/2022\/07\/Vanessa-22.07.2022-Nr14287-2-c.jpg?resize=8%2C12&amp;ssl=1 8w, https:\/\/i0.wp.com\/nessana-art.com\/wp-content\/uploads\/2022\/07\/Vanessa-22.07.2022-Nr14287-2-c.jpg?resize=16%2C24&amp;ssl=1 16w, https:\/\/i0.wp.com\/nessana-art.com\/wp-content\/uploads\/2022\/07\/Vanessa-22.07.2022-Nr14287-2-c.jpg?resize=24%2C36&amp;ssl=1 24w, https:\/\/i0.wp.com\/nessana-art.com\/wp-content\/uploads\/2022\/07\/Vanessa-22.07.2022-Nr14287-2-c.jpg?resize=32%2C48&amp;ssl=1 32w, https:\/\/i0.wp.com\/nessana-art.com\/wp-content\/uploads\/2022\/07\/Vanessa-22.07.2022-Nr14287-2-c.jpg?w=1305&amp;ssl=1 1305w\" sizes=\"auto, (max-width: 682px) 100vw, 682px\" \/><\/figure>\n<\/div>\n\n\n\n<div class=\"wp-block-column is-layout-flow wp-block-column-is-layout-flow\" style=\"flex-basis:66.66%\">\n<p>\u201eArt is my break from everyday life! <\/p>\n\n\n\n<p>I celebrate the harmonies of differences, nature and the excitement of diversion while painting. I can create worlds where my personal focus gains a fast relevance, which helps me to ground myself for reality.<\/p>\n\n\n\n<p>With the help of detailed pictures and stylistic contrasts as well as contrasts in terms of colours, I want to invite the audience of my art to challenge their own perception. If you can spot and name details, if you can view the harmony in contrasts and see unique and individual traits, you are in the best position to influence your environment in a long-term, positive way and bring to life my vision of a better treatement among each other and a more equal and sustainable world.\u201d<\/p>\n<\/div>\n<\/div>\n\n\n\n<div class=\"wp-block-cover\" style=\"min-height:60px;aspect-ratio:unset;\"><span aria-hidden=\"true\" class=\"wp-block-cover__background has-background-dim\"><\/span><img data-recalc-dims=\"1\" loading=\"lazy\" decoding=\"async\" width=\"869\" height=\"869\" data-attachment-id=\"73\" data-permalink=\"https:\/\/nessana-art.com\/en\/artist\/90a303e1-ed04-4122-bd92-fb7f8bf9a3f5-2-1\/\" data-orig-file=\"https:\/\/i0.wp.com\/nessana-art.com\/wp-content\/uploads\/2022\/02\/90A303E1-ED04-4122-BD92-FB7F8BF9A3F5-2-1-scaled.jpeg?fit=2560%2C2560&amp;ssl=1\" data-orig-size=\"2560,2560\" data-comments-opened=\"0\" data-image-meta=\"{&quot;aperture&quot;:&quot;0&quot;,&quot;credit&quot;:&quot;&quot;,&quot;camera&quot;:&quot;&quot;,&quot;caption&quot;:&quot;&quot;,&quot;created_timestamp&quot;:&quot;1642848162&quot;,&quot;copyright&quot;:&quot;&quot;,&quot;focal_length&quot;:&quot;0&quot;,&quot;iso&quot;:&quot;0&quot;,&quot;shutter_speed&quot;:&quot;0&quot;,&quot;title&quot;:&quot;&quot;,&quot;orientation&quot;:&quot;1&quot;}\" data-image-title=\"90A303E1-ED04-4122-BD92-FB7F8BF9A3F5-2-1\" data-image-description=\"\" data-image-caption=\"\" data-large-file=\"https:\/\/i0.wp.com\/nessana-art.com\/wp-content\/uploads\/2022\/02\/90A303E1-ED04-4122-BD92-FB7F8BF9A3F5-2-1-scaled.jpeg?fit=869%2C869&amp;ssl=1\" class=\"wp-block-cover__image-background wp-image-73\" alt=\"\" src=\"https:\/\/i0.wp.com\/nessana-art.com\/wp-content\/uploads\/2022\/02\/90A303E1-ED04-4122-BD92-FB7F8BF9A3F5-2-1-scaled.jpeg?resize=869%2C869&#038;ssl=1\" data-object-fit=\"cover\" srcset=\"https:\/\/i0.wp.com\/nessana-art.com\/wp-content\/uploads\/2022\/02\/90A303E1-ED04-4122-BD92-FB7F8BF9A3F5-2-1-scaled.jpeg?w=2560&amp;ssl=1 2560w, https:\/\/i0.wp.com\/nessana-art.com\/wp-content\/uploads\/2022\/02\/90A303E1-ED04-4122-BD92-FB7F8BF9A3F5-2-1-scaled.jpeg?resize=300%2C300&amp;ssl=1 300w, https:\/\/i0.wp.com\/nessana-art.com\/wp-content\/uploads\/2022\/02\/90A303E1-ED04-4122-BD92-FB7F8BF9A3F5-2-1-scaled.jpeg?resize=1024%2C1024&amp;ssl=1 1024w, https:\/\/i0.wp.com\/nessana-art.com\/wp-content\/uploads\/2022\/02\/90A303E1-ED04-4122-BD92-FB7F8BF9A3F5-2-1-scaled.jpeg?resize=150%2C150&amp;ssl=1 150w, https:\/\/i0.wp.com\/nessana-art.com\/wp-content\/uploads\/2022\/02\/90A303E1-ED04-4122-BD92-FB7F8BF9A3F5-2-1-scaled.jpeg?resize=768%2C768&amp;ssl=1 768w, https:\/\/i0.wp.com\/nessana-art.com\/wp-content\/uploads\/2022\/02\/90A303E1-ED04-4122-BD92-FB7F8BF9A3F5-2-1-scaled.jpeg?resize=1536%2C1536&amp;ssl=1 1536w, https:\/\/i0.wp.com\/nessana-art.com\/wp-content\/uploads\/2022\/02\/90A303E1-ED04-4122-BD92-FB7F8BF9A3F5-2-1-scaled.jpeg?resize=2048%2C2048&amp;ssl=1 2048w, https:\/\/i0.wp.com\/nessana-art.com\/wp-content\/uploads\/2022\/02\/90A303E1-ED04-4122-BD92-FB7F8BF9A3F5-2-1-scaled.jpeg?resize=12%2C12&amp;ssl=1 12w, https:\/\/i0.wp.com\/nessana-art.com\/wp-content\/uploads\/2022\/02\/90A303E1-ED04-4122-BD92-FB7F8BF9A3F5-2-1-scaled.jpeg?w=1738&amp;ssl=1 1738w\" sizes=\"auto, (max-width: 869px) 100vw, 869px\" \/><div class=\"wp-block-cover__inner-container is-layout-flow wp-block-cover-is-layout-flow\">\n<p class=\"has-text-align-center\"><em>\u201cI want to inspire humankind to practice more mindfulness, more conscious perception and a better cooperation so that the world is a more equal place. A world that\u2019s complied with itself, it\u2019s fellow human beings and it\u2019s nature.\u201d<\/em><\/p>\n<\/div><\/div>\n\n\n\n<p><\/p>\n\n\n\n<div class=\"wp-block-columns is-layout-flex wp-container-core-columns-is-layout-9d6595d7 wp-block-columns-is-layout-flex\">\n<div class=\"wp-block-column is-layout-flow wp-block-column-is-layout-flow\" style=\"flex-basis:66.66%\">\n<p><\/p>\n\n\n\n<p>NESSA\u00d1A lives close to Hamburg, Germany, where she was born and raised from the mid 90s on. She studied business administrations and tought herself how to paint from a young age. The inspiration for her innovative artworks come from daily encounters as well as from journeys. Her favorite materials to work with are acrylic paint and -markers on canvas, wallpaper and acrylic glass.<\/p>\n<\/div>\n\n\n\n<div class=\"wp-block-column is-layout-flow wp-block-column-is-layout-flow\" style=\"flex-basis:33.33%\">\n<figure class=\"wp-block-image size-large is-style-default\"><img data-recalc-dims=\"1\" loading=\"lazy\" decoding=\"async\" width=\"869\" height=\"869\" data-attachment-id=\"1048\" data-permalink=\"https:\/\/nessana-art.com\/en\/artist\/vanessa-22-07-2022-nr14430-2-c\/\" data-orig-file=\"https:\/\/i0.wp.com\/nessana-art.com\/wp-content\/uploads\/2022\/07\/Vanessa-22.07.2022-Nr14430-2-c.jpg?fit=1415%2C1416&amp;ssl=1\" data-orig-size=\"1415,1416\" data-comments-opened=\"0\" data-image-meta=\"{&quot;aperture&quot;:&quot;0&quot;,&quot;credit&quot;:&quot;&quot;,&quot;camera&quot;:&quot;&quot;,&quot;caption&quot;:&quot;&quot;,&quot;created_timestamp&quot;:&quot;0&quot;,&quot;copyright&quot;:&quot;&quot;,&quot;focal_length&quot;:&quot;0&quot;,&quot;iso&quot;:&quot;0&quot;,&quot;shutter_speed&quot;:&quot;0&quot;,&quot;title&quot;:&quot;&quot;,&quot;orientation&quot;:&quot;0&quot;}\" data-image-title=\"Nessa\u00f1a &amp;#8211; (c) Dirk Masbaum\" data-image-description=\"\" data-image-caption=\"\" data-large-file=\"https:\/\/i0.wp.com\/nessana-art.com\/wp-content\/uploads\/2022\/07\/Vanessa-22.07.2022-Nr14430-2-c.jpg?fit=869%2C869&amp;ssl=1\" src=\"https:\/\/i0.wp.com\/nessana-art.com\/wp-content\/uploads\/2022\/07\/Vanessa-22.07.2022-Nr14430-2-c.jpg?resize=869%2C869&#038;ssl=1\" alt=\"\" class=\"wp-image-1048\" srcset=\"https:\/\/i0.wp.com\/nessana-art.com\/wp-content\/uploads\/2022\/07\/Vanessa-22.07.2022-Nr14430-2-c.jpg?resize=1024%2C1024&amp;ssl=1 1024w, https:\/\/i0.wp.com\/nessana-art.com\/wp-content\/uploads\/2022\/07\/Vanessa-22.07.2022-Nr14430-2-c.jpg?resize=300%2C300&amp;ssl=1 300w, https:\/\/i0.wp.com\/nessana-art.com\/wp-content\/uploads\/2022\/07\/Vanessa-22.07.2022-Nr14430-2-c.jpg?resize=150%2C150&amp;ssl=1 150w, https:\/\/i0.wp.com\/nessana-art.com\/wp-content\/uploads\/2022\/07\/Vanessa-22.07.2022-Nr14430-2-c.jpg?resize=768%2C769&amp;ssl=1 768w, https:\/\/i0.wp.com\/nessana-art.com\/wp-content\/uploads\/2022\/07\/Vanessa-22.07.2022-Nr14430-2-c.jpg?resize=12%2C12&amp;ssl=1 12w, https:\/\/i0.wp.com\/nessana-art.com\/wp-content\/uploads\/2022\/07\/Vanessa-22.07.2022-Nr14430-2-c.jpg?resize=24%2C24&amp;ssl=1 24w, https:\/\/i0.wp.com\/nessana-art.com\/wp-content\/uploads\/2022\/07\/Vanessa-22.07.2022-Nr14430-2-c.jpg?resize=36%2C36&amp;ssl=1 36w, https:\/\/i0.wp.com\/nessana-art.com\/wp-content\/uploads\/2022\/07\/Vanessa-22.07.2022-Nr14430-2-c.jpg?resize=48%2C48&amp;ssl=1 48w, https:\/\/i0.wp.com\/nessana-art.com\/wp-content\/uploads\/2022\/07\/Vanessa-22.07.2022-Nr14430-2-c.jpg?w=1415&amp;ssl=1 1415w\" sizes=\"auto, (max-width: 869px) 100vw, 869px\" \/><\/figure>\n<\/div>\n<\/div>","protected":false},"excerpt":{"rendered":"<p>\u201eKunst ist meine Pause vom Alltag! Ich zelebriere die Harmonie von Unterschieden, die Natur und den Reiz der Abwechslung beim Malen. Ich kann mir Welten schaffen, in denen mein ganz pers\u00f6nlicher Fokus dargestellt wird, meine Sicht der Dinge kurzfristig relevant wird und mich so f\u00fcr die Realit\u00e4t erden. Ich m\u00f6chte das Publikum meiner Kunst mit&hellip;<\/p>","protected":false},"author":1,"featured_media":0,"parent":0,"menu_order":0,"comment_status":"closed","ping_status":"closed","template":"","meta":{"footnotes":""},"class_list":["post-52","page","type-page","status-publish","hentry","no-post-thumbnail","post-grid-3-col","entry"],"jetpack_sharing_enabled":true,"_links":{"self":[{"href":"https:\/\/nessana-art.com\/en\/wp-json\/wp\/v2\/pages\/52","targetHints":{"allow":["GET"]}}],"collection":[{"href":"https:\/\/nessana-art.com\/en\/wp-json\/wp\/v2\/pages"}],"about":[{"href":"https:\/\/nessana-art.com\/en\/wp-json\/wp\/v2\/types\/page"}],"author":[{"embeddable":true,"href":"https:\/\/nessana-art.com\/en\/wp-json\/wp\/v2\/users\/1"}],"replies":[{"embeddable":true,"href":"https:\/\/nessana-art.com\/en\/wp-json\/wp\/v2\/comments?post=52"}],"version-history":[{"count":10,"href":"https:\/\/nessana-art.com\/en\/wp-json\/wp\/v2\/pages\/52\/revisions"}],"predecessor-version":[{"id":1472,"href":"https:\/\/nessana-art.com\/en\/wp-json\/wp\/v2\/pages\/52\/revisions\/1472"}],"wp:attachment":[{"href":"https:\/\/nessana-art.com\/en\/wp-json\/wp\/v2\/media?parent=52"}],"curies":[{"name":"wp","href":"https:\/\/api.w.org\/{rel}","templated":true}]}}

<div class="wp-block-columns is-layout-flex wp-container-core-columns-is-layout-9d6595d7 wp-block-columns-is-layout-flex">
<div class="wp-block-column is-layout-flow wp-block-column-is-layout-flow" style="flex-basis:33.33%">
<figure class="wp-block-image size-large"><img data-recalc-dims="1" loading="lazy" decoding="async" width="682" height="1024" data-attachment-id="1047" data-permalink="https://nessana-art.com/en/artist/vanessa-22-07-2022-nr14287-2-c/" data-orig-file="https://i0.wp.com/nessana-art.com/wp-content/uploads/2022/07/Vanessa-22.07.2022-Nr14287-2-c.jpg?fit=1305%2C1959&amp;ssl=1" data-orig-size="1305,1959" data-comments-opened="0" data-image-meta="{&quot;aperture&quot;:&quot;0&quot;,&quot;credit&quot;:&quot;&quot;,&quot;camera&quot;:&quot;&quot;,&quot;caption&quot;:&quot;&quot;,&quot;created_timestamp&quot;:&quot;0&quot;,&quot;copyright&quot;:&quot;&quot;,&quot;focal_length&quot;:&quot;0&quot;,&quot;iso&quot;:&quot;0&quot;,&quot;shutter_speed&quot;:&quot;0&quot;,&quot;title&quot;:&quot;&quot;,&quot;orientation&quot;:&quot;0&quot;}" data-image-title="Nessaña &amp;#038; George &amp;#8211; (c) Dirk Masbaum" data-image-description="" data-image-caption="" data-large-file="https://i0.wp.com/nessana-art.com/wp-content/uploads/2022/07/Vanessa-22.07.2022-Nr14287-2-c.jpg?fit=682%2C1024&amp;ssl=1" src="https://i0.wp.com/nessana-art.com/wp-content/uploads/2022/07/Vanessa-22.07.2022-Nr14287-2-c.jpg?resize=682%2C1024&#038;ssl=1" alt="" class="wp-image-1047" srcset="https://i0.wp.com/nessana-art.com/wp-content/uploads/2022/07/Vanessa-22.07.2022-Nr14287-2-c.jpg?resize=682%2C1024&amp;ssl=1 682w, https://i0.wp.com/nessana-art.com/wp-content/uploads/2022/07/Vanessa-22.07.2022-Nr14287-2-c.jpg?resize=200%2C300&amp;ssl=1 200w, https://i0.wp.com/nessana-art.com/wp-content/uploads/2022/07/Vanessa-22.07.2022-Nr14287-2-c.jpg?resize=768%2C1153&amp;ssl=1 768w, https://i0.wp.com/nessana-art.com/wp-content/uploads/2022/07/Vanessa-22.07.2022-Nr14287-2-c.jpg?resize=1023%2C1536&amp;ssl=1 1023w, https://i0.wp.com/nessana-art.com/wp-content/uploads/2022/07/Vanessa-22.07.2022-Nr14287-2-c.jpg?resize=8%2C12&amp;ssl=1 8w, https://i0.wp.com/nessana-art.com/wp-content/uploads/2022/07/Vanessa-22.07.2022-Nr14287-2-c.jpg?resize=16%2C24&amp;ssl=1 16w, https://i0.wp.com/nessana-art.com/wp-content/uploads/2022/07/Vanessa-22.07.2022-Nr14287-2-c.jpg?resize=24%2C36&amp;ssl=1 24w, https://i0.wp.com/nessana-art.com/wp-content/uploads/2022/07/Vanessa-22.07.2022-Nr14287-2-c.jpg?resize=32%2C48&amp;ssl=1 32w, https://i0.wp.com/nessana-art.com/wp-content/uploads/2022/07/Vanessa-22.07.2022-Nr14287-2-c.jpg?w=1305&amp;ssl=1 1305w" sizes="auto, (max-width: 682px) 100vw, 682px" /></figure>
</div>



<div class="wp-block-column is-layout-flow wp-block-column-is-layout-flow" style="flex-basis:66.66%">
<p>„Art is my break from everyday life! </p>



<p>I celebrate the harmonies of differences, nature and the excitement of diversion while painting. I can create worlds where my personal focus gains a fast relevance, which helps me to ground myself for reality.</p>



<p>With the help of detailed pictures and stylistic contrasts as well as contrasts in terms of colours, I want to invite the audience of my art to challenge their own perception. If you can spot and name details, if you can view the harmony in contrasts and see unique and individual traits, you are in the best position to influence your environment in a long-term, positive way and bring to life my vision of a better treatement among each other and a more equal and sustainable world.”</p>
</div>
</div>



<div class="wp-block-cover" style="min-height:60px;aspect-ratio:unset;"><span aria-hidden="true" class="wp-block-cover__background has-background-dim"></span><img data-recalc-dims="1" loading="lazy" decoding="async" width="869" height="869" data-attachment-id="73" data-permalink="https://nessana-art.com/en/artist/90a303e1-ed04-4122-bd92-fb7f8bf9a3f5-2-1/" data-orig-file="https://i0.wp.com/nessana-art.com/wp-content/uploads/2022/02/90A303E1-ED04-4122-BD92-FB7F8BF9A3F5-2-1-scaled.jpeg?fit=2560%2C2560&amp;ssl=1" data-orig-size="2560,2560" data-comments-opened="0" data-image-meta="{&quot;aperture&quot;:&quot;0&quot;,&quot;credit&quot;:&quot;&quot;,&quot;camera&quot;:&quot;&quot;,&quot;caption&quot;:&quot;&quot;,&quot;created_timestamp&quot;:&quot;1642848162&quot;,&quot;copyright&quot;:&quot;&quot;,&quot;focal_length&quot;:&quot;0&quot;,&quot;iso&quot;:&quot;0&quot;,&quot;shutter_speed&quot;:&quot;0&quot;,&quot;title&quot;:&quot;&quot;,&quot;orientation&quot;:&quot;1&quot;}" data-image-title="90A303E1-ED04-4122-BD92-FB7F8BF9A3F5-2-1" data-image-description="" data-image-caption="" data-large-file="https://i0.wp.com/nessana-art.com/wp-content/uploads/2022/02/90A303E1-ED04-4122-BD92-FB7F8BF9A3F5-2-1-scaled.jpeg?fit=869%2C869&amp;ssl=1" class="wp-block-cover__image-background wp-image-73" alt="" src="https://i0.wp.com/nessana-art.com/wp-content/uploads/2022/02/90A303E1-ED04-4122-BD92-FB7F8BF9A3F5-2-1-scaled.jpeg?resize=869%2C869&#038;ssl=1" data-object-fit="cover" srcset="https://i0.wp.com/nessana-art.com/wp-content/uploads/2022/02/90A303E1-ED04-4122-BD92-FB7F8BF9A3F5-2-1-scaled.jpeg?w=2560&amp;ssl=1 2560w, https://i0.wp.com/nessana-art.com/wp-content/uploads/2022/02/90A303E1-ED04-4122-BD92-FB7F8BF9A3F5-2-1-scaled.jpeg?resize=300%2C300&amp;ssl=1 300w, https://i0.wp.com/nessana-art.com/wp-content/uploads/2022/02/90A303E1-ED04-4122-BD92-FB7F8BF9A3F5-2-1-scaled.jpeg?resize=1024%2C1024&amp;ssl=1 1024w, https://i0.wp.com/nessana-art.com/wp-content/uploads/2022/02/90A303E1-ED04-4122-BD92-FB7F8BF9A3F5-2-1-scaled.jpeg?resize=150%2C150&amp;ssl=1 150w, https://i0.wp.com/nessana-art.com/wp-content/uploads/2022/02/90A303E1-ED04-4122-BD92-FB7F8BF9A3F5-2-1-scaled.jpeg?resize=768%2C768&amp;ssl=1 768w, https://i0.wp.com/nessana-art.com/wp-content/uploads/2022/02/90A303E1-ED04-4122-BD92-FB7F8BF9A3F5-2-1-scaled.jpeg?resize=1536%2C1536&amp;ssl=1 1536w, https://i0.wp.com/nessana-art.com/wp-content/uploads/2022/02/90A303E1-ED04-4122-BD92-FB7F8BF9A3F5-2-1-scaled.jpeg?resize=2048%2C2048&amp;ssl=1 2048w, https://i0.wp.com/nessana-art.com/wp-content/uploads/2022/02/90A303E1-ED04-4122-BD92-FB7F8BF9A3F5-2-1-scaled.jpeg?resize=12%2C12&amp;ssl=1 12w, https://i0.wp.com/nessana-art.com/wp-content/uploads/2022/02/90A303E1-ED04-4122-BD92-FB7F8BF9A3F5-2-1-scaled.jpeg?w=1738&amp;ssl=1 1738w" sizes="auto, (max-width: 869px) 100vw, 869px" /><div class="wp-block-cover__inner-container is-layout-flow wp-block-cover-is-layout-flow">
<p class="has-text-align-center"><em>“I want to inspire humankind to practice more mindfulness, more conscious perception and a better cooperation so that the world is a more equal place. A world that’s complied with itself, it’s fellow human beings and it’s nature.”</em></p>
</div></div>



<p></p>



<div class="wp-block-columns is-layout-flex wp-container-core-columns-is-layout-9d6595d7 wp-block-columns-is-layout-flex">
<div class="wp-block-column is-layout-flow wp-block-column-is-layout-flow" style="flex-basis:66.66%">
<p></p>



<p>NESSAÑA lives close to Hamburg, Germany, where she was born and raised from the mid 90s on. She studied business administrations and tought herself how to paint from a young age. The inspiration for her innovative artworks come from daily encounters as well as from journeys. Her favorite materials to work with are acrylic paint and -markers on canvas, wallpaper and acrylic glass.</p>
</div>



<div class="wp-block-column is-layout-flow wp-block-column-is-layout-flow" style="flex-basis:33.33%">
<figure class="wp-block-image size-large is-style-default"><img data-recalc-dims="1" loading="lazy" decoding="async" width="869" height="869" data-attachment-id="1048" data-permalink="https://nessana-art.com/en/artist/vanessa-22-07-2022-nr14430-2-c/" data-orig-file="https://i0.wp.com/nessana-art.com/wp-content/uploads/2022/07/Vanessa-22.07.2022-Nr14430-2-c.jpg?fit=1415%2C1416&amp;ssl=1" data-orig-size="1415,1416" data-comments-opened="0" data-image-meta="{&quot;aperture&quot;:&quot;0&quot;,&quot;credit&quot;:&quot;&quot;,&quot;camera&quot;:&quot;&quot;,&quot;caption&quot;:&quot;&quot;,&quot;created_timestamp&quot;:&quot;0&quot;,&quot;copyright&quot;:&quot;&quot;,&quot;focal_length&quot;:&quot;0&quot;,&quot;iso&quot;:&quot;0&quot;,&quot;shutter_speed&quot;:&quot;0&quot;,&quot;title&quot;:&quot;&quot;,&quot;orientation&quot;:&quot;0&quot;}" data-image-title="Nessaña &amp;#8211; (c) Dirk Masbaum" data-image-description="" data-image-caption="" data-large-file="https://i0.wp.com/nessana-art.com/wp-content/uploads/2022/07/Vanessa-22.07.2022-Nr14430-2-c.jpg?fit=869%2C869&amp;ssl=1" src="https://i0.wp.com/nessana-art.com/wp-content/uploads/2022/07/Vanessa-22.07.2022-Nr14430-2-c.jpg?resize=869%2C869&#038;ssl=1" alt="" class="wp-image-1048" srcset="https://i0.wp.com/nessana-art.com/wp-content/uploads/2022/07/Vanessa-22.07.2022-Nr14430-2-c.jpg?resize=1024%2C1024&amp;ssl=1 1024w, https://i0.wp.com/nessana-art.com/wp-content/uploads/2022/07/Vanessa-22.07.2022-Nr14430-2-c.jpg?resize=300%2C300&amp;ssl=1 300w, https://i0.wp.com/nessana-art.com/wp-content/uploads/2022/07/Vanessa-22.07.2022-Nr14430-2-c.jpg?resize=150%2C150&amp;ssl=1 150w, https://i0.wp.com/nessana-art.com/wp-content/uploads/2022/07/Vanessa-22.07.2022-Nr14430-2-c.jpg?resize=768%2C769&amp;ssl=1 768w, https://i0.wp.com/nessana-art.com/wp-content/uploads/2022/07/Vanessa-22.07.2022-Nr14430-2-c.jpg?resize=12%2C12&amp;ssl=1 12w, https://i0.wp.com/nessana-art.com/wp-content/uploads/2022/07/Vanessa-22.07.2022-Nr14430-2-c.jpg?resize=24%2C24&amp;ssl=1 24w, https://i0.wp.com/nessana-art.com/wp-content/uploads/2022/07/Vanessa-22.07.2022-Nr14430-2-c.jpg?resize=36%2C36&amp;ssl=1 36w, https://i0.wp.com/nessana-art.com/wp-content/uploads/2022/07/Vanessa-22.07.2022-Nr14430-2-c.jpg?resize=48%2C48&amp;ssl=1 48w, https://i0.wp.com/nessana-art.com/wp-content/uploads/2022/07/Vanessa-22.07.2022-Nr14430-2-c.jpg?w=1415&amp;ssl=1 1415w" sizes="auto, (max-width: 869px) 100vw, 869px" /></figure>
</div>
</div>

<p>„Kunst ist meine Pause vom Alltag! Ich zelebriere die Harmonie von Unterschieden, die Natur und den Reiz der Abwechslung beim Malen. Ich kann mir Welten schaffen, in denen mein ganz persönlicher Fokus dargestellt wird, meine Sicht der Dinge kurzfristig relevant wird und mich so für die Realität erden. Ich möchte das Publikum meiner Kunst mit&hellip;</p>
