{"id":35,"date":"2022-02-20T15:10:50","date_gmt":"2022-02-20T14:10:50","guid":{"rendered":"https:\/\/nessana-art.com\/?page_id=35"},"modified":"2022-08-23T21:27:23","modified_gmt":"2022-08-23T19:27:23","slug":"datenschutz","status":"publish","type":"page","link":"https:\/\/nessana-art.com\/en\/datenschutz\/","title":{"rendered":"Datenschutzerkl\u00e4rung"},"content":{"rendered":"<a href=\"#\" class=\"_brlbs-btn-cookie-preference borlabs-cookie-preference\">Cookie-Einstellungen anzeigen<\/a>\n\n\n\n<h3 class=\"wp-block-heading\" id=\"grundlegendes\">Grundlegendes&nbsp;<\/h3>\n\n\n\n<p>Diese Datenschutzerkl\u00e4rung soll die Nutzer dieser Website \u00fcber die Art, den Umfang und den Zweck der Erhebung und Verwendung personenbezogener Daten durch den Websitebetreiber Vanessa Nafzger\/Nessa\u00f1a informieren.<\/p>\n\n\n\n<p>Der Websitebetreiber nimmt Ihren Datenschutz sehr ernst und behandelt personenbezogene Daten vertraulich und entsprechend der gesetzlichen Vorschriften. Da durch neue Technologien und die st\u00e4ndige Weiterentwicklung dieser Webseite \u00c4nderungen an dieser Datenschutzerkl\u00e4rung vorgenommen werden k\u00f6nnen, empfehlen wir, sich die Datenschutzerkl\u00e4rung in regelm\u00e4\u00dfigen Abst\u00e4nden wieder durchzulesen.<\/p>\n\n\n\n<p>Definitionen der verwendeten Begriffe (z.B. \u201cpersonenbezogene Daten\u201d oder \u201cVerarbeitung\u201d) finden sich in Art. 4 DSGVO.<\/p>\n\n\n\n<h3 class=\"wp-block-heading\" id=\"zugriffsdaten\">Zugriffsdaten<\/h3>\n\n\n\n<p>Wir, der Websitebetreiber bzw. Seitenprovider, erheben aufgrund unseres berechtigten Interesses (s. Art. 6 Abs. 1 lit. f. DSGVO) Daten \u00fcber Zugriffe auf die Website und speichern diese als \u201eServer-Logfiles\u201c auf dem Server der Website ab. Folgende Daten werden so protokolliert:<\/p>\n\n\n\n<ul class=\"wp-block-list\"><li>Besuchte Website<\/li><li>Uhrzeit zum Zeitpunkt des Zugriffes<\/li><li>Menge der gesendeten Daten in Byte<\/li><li>Quelle\/Verweis, von welchem Sie auf die Seite gelangten<\/li><li>Verwendeter Browser<\/li><li>Verwendetes Betriebssystem<\/li><li>Verwendete IP-Adresse<\/li><\/ul>\n\n\n\n<p>Die Server-Logfiles werden f\u00fcr maximal 7 Tage gespeichert und anschlie\u00dfend gel\u00f6scht. Die Speicherung der Daten erfolgt aus Sicherheitsgr\u00fcnden, um z. B. Missbrauchsf\u00e4lle aufkl\u00e4ren zu k\u00f6nnen. M\u00fcssen Daten aus Beweisgr\u00fcnden aufgehoben werden, sind sie solange von der L\u00f6schung ausgenommen bis der Vorfall endg\u00fcltig gekl\u00e4rt ist.<\/p>\n\n\n\n<h3 class=\"wp-block-heading\" id=\"reichweitenmessung-cookies\">Reichweitenmessung &amp; Cookies&nbsp;<\/h3>\n\n\n\n<p>Diese Website verwendet Cookies zur pseudonymisierten Reichweitenmessung, die entweder von unserem Server oder dem Server Dritter an den Browser des Nutzers \u00fcbertragen werden. Bei Cookies handelt es sich um kleine Dateien, welche auf Endger\u00e4ten gespeichert werden. Der genutzte Browser greift auf diese Dateien zu. Durch den Einsatz von Cookies erh\u00f6ht sich die Benutzerfreundlichkeit und Sicherheit dieser Website.<\/p>\n\n\n\n<p>Falls Sie nicht m\u00f6chten, dass Cookies zur Reichweitenmessung auf Ihrem Endger\u00e4t gespeichert werden, k\u00f6nnen Sie dem Einsatz dieser Dateien hier widersprechen:<\/p>\n\n\n\n<ul class=\"wp-block-list\"><li>Cookie-Deaktivierungsseite der Netzwerkwerbeinitiative:&nbsp;<a href=\"http:\/\/optout.networkadvertising.org\/?c=1#!\/\">http:\/\/optout.networkadvertising.org\/?c=1#!\/<\/a><\/li><li>Cookie-Deaktivierungsseite der US-amerikanischen Website:&nbsp;<a href=\"http:\/\/optout.aboutads.info\/?c=2#!\/\">http:\/\/optout.aboutads.info\/?c=2#!\/<\/a><\/li><li>Cookie-Deaktivierungsseite der europ\u00e4ischen Website:&nbsp;<a href=\"http:\/\/optout.networkadvertising.org\/?c=1#!\/\">http:\/\/optout.networkadvertising.org\/?c=1#!\/<\/a><\/li><\/ul>\n\n\n\n<p>G\u00e4ngige Browser bieten die Einstellungsoption, Cookies nicht zuzulassen. Hinweis: Es ist nicht gew\u00e4hrleistet, dass auf alle Funktionen dieser Website ohne Einschr\u00e4nkungen zugegriffen werden kann, wenn entsprechende Einstellungen vorgenommen werden.<br><br>Zur Zeit nutzen wir essentielle Cookies. Die Nutzung weiterer Cookies (Marketing, Statistik, Pr\u00e4ferenzen oder funktioniale Cookies) ist f\u00fcr die Zukunft jedoch nicht ausgeschlossen.<\/p>\n\n\n\n<h3 class=\"wp-block-heading\">Google Analytics<\/h3>\n\n\n\n<p>Diese Website benutzt Google Analytics, einen Webanalysedienst der Google Inc., 1600 Amphitheatre Parkway, Mountain View, CA 94043, USA (\u201eGoogle\u201c). Google Analytics verwendet Cookies (siehe Ziffer 3.2), um eine Analyse der Benutzung der Website durch Sie zu erm\u00f6glichen. Die durch den Cookie erzeugten Informationen \u00fcber Ihre Benutzung dieser Website werden in der Regel an einen Server von Google in den USA \u00fcbertragen und dort gespeichert. Ihre IP-Adresse wird von Google jedoch innerhalb von Mitgliedstaaten der Europ\u00e4ischen Union oder in anderen Vertragsstaaten des Abkommens \u00fcber den Europ\u00e4ischen Wirtschaftsraum zuvor gek\u00fcrzt und so anonymisiert. Nur in Ausnahmef\u00e4llen wird die volle IP-Adresse an einen Server von Google in den USA \u00fcbertragen und dort gek\u00fcrzt. Im Auftrag des Betreibers dieser Website wird Google diese Informationen benutzen, um Ihre Nutzung der Website auszuwerten, um Reports \u00fcber die Websiteaktivit\u00e4ten zusammenzustellen und um weitere mit der Websitenutzung und der Internetnutzung verbundene Dienstleistungen gegen\u00fcber dem Websitebetreiber zu erbringen. Die im Rahmen von Google Analytics von Ihrem Browser \u00fcbermittelte IP-Adresse wird nicht mit anderen Daten von Google zusammengef\u00fchrt.<\/p>\n\n\n\n<p>Sie k\u00f6nnen die Speicherung der Cookies durch eine entsprechende Einstellung Ihrer Browser-Software oder ein Privacy-Plugin verhindern. Sie k\u00f6nnen dar\u00fcber hinaus die Erfassung der durch das Cookie erzeugten und auf Ihre Nutzung der Website bezogenen Daten (inkl. Ihrer IP-Adresse) an Google sowie die Verarbeitung dieser Daten durch Google verhindern, indem sie das unter dem folgenden Link verf\u00fcgbare Browser-Plugin herunterladen und installieren (<a rel=\"noreferrer noopener\" href=\"https:\/\/stage-www.aida.de\/(http:\/tools.google.com\/dlpage\/gaoptout?hl=de\" target=\"_blank\">http:\/\/tools.google.com\/dlpage\/gaoptout?hl=de<\/a>). Alternativ k\u00f6nnen Sie die Erfassung durch Google Analytics verhindern, indem Sie ein sog. \u201eOpt-Out-Cookie\u201c auf Ihrem Rechner setzen; nutzen Sie hierf\u00fcr den folgenden Link: Opt-Out-Cookie setzen. Weitere Informationen zum Datenschutz bei Google Analytics finden Sie unter:\u00a0<a rel=\"noreferrer noopener\" href=\"https:\/\/www.google.de\/intl\/de\/policies\/\" target=\"_blank\">https:\/\/www.google.de\/intl\/de\/policies\/<\/a>.<\/p>\n\n\n\n<h3 class=\"wp-block-heading\" id=\"erfassung-und-verarbeitung-personenbezogener-daten\">Erfassung und Verarbeitung personenbezogener Daten<\/h3>\n\n\n\n<p>Der Websitebetreiber erhebt, nutzt und gibt personenbezogenen Daten nur dann weiter, wenn dies im gesetzlichen Rahmen erlaubt ist oder Sie in die Datenerhebung einwilligen.<\/p>\n\n\n\n<p>Als personenbezogene Daten gelten s\u00e4mtliche Informationen, welche dazu dienen, Ihre Person zu bestimmen und welche zu Ihnen zur\u00fcckverfolgt werden k\u00f6nnen \u2013 also beispielsweise Ihr Name, Ihre E-Mail-Adresse und Telefonnummer aus dem Kontaktformular.<\/p>\n\n\n\n<p>Diese Website k\u00f6nnen Sie auch besuchen, ohne Angaben zu Ihrer Person zu machen. Zur Verbesserung unseres Online-Angebotes speichern wir jedoch (ohne Personenbezug) Ihre Zugriffsdaten auf diese Website. Zu diesen Zugriffsdaten geh\u00f6ren z. B. die von Ihnen angeforderte Datei oder der Name Ihres Internet-Providers. Durch die Anonymisierung der Daten sind R\u00fcckschl\u00fcsse auf Ihre Person nicht m\u00f6glich.<\/p>\n\n\n\n<p>F\u00fcr den Versand von Newslettern wird ein Plug-In genutzt, welches auf dem Hoster Newsletter-relevante Daten speichert.<\/p>\n\n\n\n<h4 class=\"wp-block-heading\" id=\"umgang-mit-kontaktdaten\">Umgang mit Kontaktdaten<\/h4>\n\n\n\n<p>Nehmen Sie mit uns als Websitebetreiber durch die angebotenen Kontaktm\u00f6glichkeiten Verbindung auf, werden Ihre Angaben gespeichert, damit auf diese zur Bearbeitung und Beantwortung Ihrer Anfrage zur\u00fcckgegriffen werden kann. Ohne Ihre Einwilligung werden diese Daten nicht an Dritte weitergegeben.<\/p>\n\n\n\n<h4 class=\"wp-block-heading\" id=\"rechte-des-nutzers\">Rechte des Nutzers<\/h4>\n\n\n\n<p>Sie haben als Nutzer das Recht, auf Antrag eine kostenlose Auskunft dar\u00fcber zu erhalten, welche personenbezogenen Daten \u00fcber Sie gespeichert wurden. Sie haben au\u00dferdem das Recht auf Berichtigung falscher Daten und auf die Verarbeitungseinschr\u00e4nkung oder L\u00f6schung Ihrer personenbezogenen Daten. Falls zutreffend, k\u00f6nnen Sie auch Ihr Recht auf Datenportabilit\u00e4t geltend machen. Sollten Sie annehmen, dass Ihre Daten unrechtm\u00e4\u00dfig verarbeitet wurden, k\u00f6nnen Sie eine Beschwerde bei der zust\u00e4ndigen Aufsichtsbeh\u00f6rde einreichen.<\/p>\n\n\n\n<h4 class=\"wp-block-heading\" id=\"loschung-von-daten\">L\u00f6schung von Daten<\/h4>\n\n\n\n<p>Sofern Ihr Wunsch nicht mit einer gesetzlichen Pflicht zur Aufbewahrung von Daten (z. B. Vorratsdatenspeicherung) kollidiert, haben Sie ein Anrecht auf L\u00f6schung Ihrer Daten. Von uns gespeicherte Daten werden, sollten sie f\u00fcr ihre Zweckbestimmung nicht mehr vonn\u00f6ten sein und es keine gesetzlichen Aufbewahrungsfristen geben, gel\u00f6scht. Falls eine L\u00f6schung nicht durchgef\u00fchrt werden kann, da die Daten f\u00fcr zul\u00e4ssige gesetzliche Zwecke erforderlich sind, erfolgt eine Einschr\u00e4nkung der Datenverarbeitung. In diesem Fall werden die Daten gesperrt und nicht f\u00fcr andere Zwecke verarbeitet.<\/p>\n\n\n\n<h4 class=\"wp-block-heading\" id=\"widerspruchsrecht\">Widerspruchsrecht<\/h4>\n\n\n\n<p>Nutzer dieser Webseite k\u00f6nnen von ihrem Widerspruchsrecht Gebrauch machen und der Verarbeitung ihrer personenbezogenen Daten zu jeder Zeit widersprechen.<\/p>\n\n\n\n<p>Wenn Sie eine Berichtigung, Sperrung, L\u00f6schung oder Auskunft \u00fcber die zu Ihrer Person gespeicherten personenbezogenen Daten w\u00fcnschen oder Fragen bzgl. der Erhebung, Verarbeitung oder Verwendung Ihrer personenbezogenen Daten haben oder erteilte Einwilligungen widerrufen m\u00f6chten, wenden Sie sich bitte an folgende E-Mail-Adresse: contact@nessana-art.com.<\/p>\n\n\n\n<p>Quelle: Datenschutz.org&nbsp;<a href=\"https:\/\/www.datenschutz.org\/datenschutzerklaerung-website\/\">Datenschutzerkl\u00e4rung f\u00fcr Website I Datenschutz 2021<\/a><\/p>","protected":false},"excerpt":{"rendered":"<p>Grundlegendes&nbsp; Diese Datenschutzerkl\u00e4rung soll die Nutzer dieser Website \u00fcber die Art, den Umfang und den Zweck der Erhebung und Verwendung personenbezogener Daten durch den Websitebetreiber Vanessa Nafzger\/Nessa\u00f1a informieren. Der Websitebetreiber nimmt Ihren Datenschutz sehr ernst und behandelt personenbezogene Daten vertraulich und entsprechend der gesetzlichen Vorschriften. Da durch neue Technologien und die st\u00e4ndige Weiterentwicklung dieser Webseite&hellip;<\/p>","protected":false},"author":1,"featured_media":0,"parent":0,"menu_order":0,"comment_status":"closed","ping_status":"closed","template":"","meta":{"footnotes":""},"class_list":["post-35","page","type-page","status-publish","hentry","no-post-thumbnail","post-grid-3-col","entry"],"jetpack_sharing_enabled":true,"_links":{"self":[{"href":"https:\/\/nessana-art.com\/en\/wp-json\/wp\/v2\/pages\/35","targetHints":{"allow":["GET"]}}],"collection":[{"href":"https:\/\/nessana-art.com\/en\/wp-json\/wp\/v2\/pages"}],"about":[{"href":"https:\/\/nessana-art.com\/en\/wp-json\/wp\/v2\/types\/page"}],"author":[{"embeddable":true,"href":"https:\/\/nessana-art.com\/en\/wp-json\/wp\/v2\/users\/1"}],"replies":[{"embeddable":true,"href":"https:\/\/nessana-art.com\/en\/wp-json\/wp\/v2\/comments?post=35"}],"version-history":[{"count":4,"href":"https:\/\/nessana-art.com\/en\/wp-json\/wp\/v2\/pages\/35\/revisions"}],"predecessor-version":[{"id":1136,"href":"https:\/\/nessana-art.com\/en\/wp-json\/wp\/v2\/pages\/35\/revisions\/1136"}],"wp:attachment":[{"href":"https:\/\/nessana-art.com\/en\/wp-json\/wp\/v2\/media?parent=35"}],"curies":[{"name":"wp","href":"https:\/\/api.w.org\/{rel}","templated":true}]}}

Datenschutzerklärung

<a href="#" class="_brlbs-btn-cookie-preference borlabs-cookie-preference">Cookie-Einstellungen anzeigen</a>



<h3 class="wp-block-heading" id="grundlegendes">Grundlegendes&nbsp;</h3>



<p>Diese Datenschutzerklärung soll die Nutzer dieser Website über die Art, den Umfang und den Zweck der Erhebung und Verwendung personenbezogener Daten durch den Websitebetreiber Vanessa Nafzger/Nessaña informieren.</p>



<p>Der Websitebetreiber nimmt Ihren Datenschutz sehr ernst und behandelt personenbezogene Daten vertraulich und entsprechend der gesetzlichen Vorschriften. Da durch neue Technologien und die ständige Weiterentwicklung dieser Webseite Änderungen an dieser Datenschutzerklärung vorgenommen werden können, empfehlen wir, sich die Datenschutzerklärung in regelmäßigen Abständen wieder durchzulesen.</p>



<p>Definitionen der verwendeten Begriffe (z.B. “personenbezogene Daten” oder “Verarbeitung”) finden sich in Art. 4 DSGVO.</p>



<h3 class="wp-block-heading" id="zugriffsdaten">Zugriffsdaten</h3>



<p>Wir, der Websitebetreiber bzw. Seitenprovider, erheben aufgrund unseres berechtigten Interesses (s. Art. 6 Abs. 1 lit. f. DSGVO) Daten über Zugriffe auf die Website und speichern diese als „Server-Logfiles“ auf dem Server der Website ab. Folgende Daten werden so protokolliert:</p>



<ul class="wp-block-list"><li>Besuchte Website</li><li>Uhrzeit zum Zeitpunkt des Zugriffes</li><li>Menge der gesendeten Daten in Byte</li><li>Quelle/Verweis, von welchem Sie auf die Seite gelangten</li><li>Verwendeter Browser</li><li>Verwendetes Betriebssystem</li><li>Verwendete IP-Adresse</li></ul>



<p>Die Server-Logfiles werden für maximal 7 Tage gespeichert und anschließend gelöscht. Die Speicherung der Daten erfolgt aus Sicherheitsgründen, um z. B. Missbrauchsfälle aufklären zu können. Müssen Daten aus Beweisgründen aufgehoben werden, sind sie solange von der Löschung ausgenommen bis der Vorfall endgültig geklärt ist.</p>



<h3 class="wp-block-heading" id="reichweitenmessung-cookies">Reichweitenmessung &amp; Cookies&nbsp;</h3>



<p>Diese Website verwendet Cookies zur pseudonymisierten Reichweitenmessung, die entweder von unserem Server oder dem Server Dritter an den Browser des Nutzers übertragen werden. Bei Cookies handelt es sich um kleine Dateien, welche auf Endgeräten gespeichert werden. Der genutzte Browser greift auf diese Dateien zu. Durch den Einsatz von Cookies erhöht sich die Benutzerfreundlichkeit und Sicherheit dieser Website.</p>



<p>Falls Sie nicht möchten, dass Cookies zur Reichweitenmessung auf Ihrem Endgerät gespeichert werden, können Sie dem Einsatz dieser Dateien hier widersprechen:</p>



<ul class="wp-block-list"><li>Cookie-Deaktivierungsseite der Netzwerkwerbeinitiative:&nbsp;<a href="http://optout.networkadvertising.org/?c=1#!/">http://optout.networkadvertising.org/?c=1#!/</a></li><li>Cookie-Deaktivierungsseite der US-amerikanischen Website:&nbsp;<a href="http://optout.aboutads.info/?c=2#!/">http://optout.aboutads.info/?c=2#!/</a></li><li>Cookie-Deaktivierungsseite der europäischen Website:&nbsp;<a href="http://optout.networkadvertising.org/?c=1#!/">http://optout.networkadvertising.org/?c=1#!/</a></li></ul>



<p>Gängige Browser bieten die Einstellungsoption, Cookies nicht zuzulassen. Hinweis: Es ist nicht gewährleistet, dass auf alle Funktionen dieser Website ohne Einschränkungen zugegriffen werden kann, wenn entsprechende Einstellungen vorgenommen werden.<br><br>Zur Zeit nutzen wir essentielle Cookies. Die Nutzung weiterer Cookies (Marketing, Statistik, Präferenzen oder funktioniale Cookies) ist für die Zukunft jedoch nicht ausgeschlossen.</p>



<h3 class="wp-block-heading">Google Analytics</h3>



<p>Diese Website benutzt Google Analytics, einen Webanalysedienst der Google Inc., 1600 Amphitheatre Parkway, Mountain View, CA 94043, USA („Google“). Google Analytics verwendet Cookies (siehe Ziffer 3.2), um eine Analyse der Benutzung der Website durch Sie zu ermöglichen. Die durch den Cookie erzeugten Informationen über Ihre Benutzung dieser Website werden in der Regel an einen Server von Google in den USA übertragen und dort gespeichert. Ihre IP-Adresse wird von Google jedoch innerhalb von Mitgliedstaaten der Europäischen Union oder in anderen Vertragsstaaten des Abkommens über den Europäischen Wirtschaftsraum zuvor gekürzt und so anonymisiert. Nur in Ausnahmefällen wird die volle IP-Adresse an einen Server von Google in den USA übertragen und dort gekürzt. Im Auftrag des Betreibers dieser Website wird Google diese Informationen benutzen, um Ihre Nutzung der Website auszuwerten, um Reports über die Websiteaktivitäten zusammenzustellen und um weitere mit der Websitenutzung und der Internetnutzung verbundene Dienstleistungen gegenüber dem Websitebetreiber zu erbringen. Die im Rahmen von Google Analytics von Ihrem Browser übermittelte IP-Adresse wird nicht mit anderen Daten von Google zusammengeführt.</p>



<p>Sie können die Speicherung der Cookies durch eine entsprechende Einstellung Ihrer Browser-Software oder ein Privacy-Plugin verhindern. Sie können darüber hinaus die Erfassung der durch das Cookie erzeugten und auf Ihre Nutzung der Website bezogenen Daten (inkl. Ihrer IP-Adresse) an Google sowie die Verarbeitung dieser Daten durch Google verhindern, indem sie das unter dem folgenden Link verfügbare Browser-Plugin herunterladen und installieren (<a rel="noreferrer noopener" href="https://stage-www.aida.de/(http:/tools.google.com/dlpage/gaoptout?hl=de" target="_blank">http://tools.google.com/dlpage/gaoptout?hl=de</a>). Alternativ können Sie die Erfassung durch Google Analytics verhindern, indem Sie ein sog. „Opt-Out-Cookie“ auf Ihrem Rechner setzen; nutzen Sie hierfür den folgenden Link: Opt-Out-Cookie setzen. Weitere Informationen zum Datenschutz bei Google Analytics finden Sie unter: <a rel="noreferrer noopener" href="https://www.google.de/intl/de/policies/" target="_blank">https://www.google.de/intl/de/policies/</a>.</p>



<h3 class="wp-block-heading" id="erfassung-und-verarbeitung-personenbezogener-daten">Erfassung und Verarbeitung personenbezogener Daten</h3>



<p>Der Websitebetreiber erhebt, nutzt und gibt personenbezogenen Daten nur dann weiter, wenn dies im gesetzlichen Rahmen erlaubt ist oder Sie in die Datenerhebung einwilligen.</p>



<p>Als personenbezogene Daten gelten sämtliche Informationen, welche dazu dienen, Ihre Person zu bestimmen und welche zu Ihnen zurückverfolgt werden können – also beispielsweise Ihr Name, Ihre E-Mail-Adresse und Telefonnummer aus dem Kontaktformular.</p>



<p>Diese Website können Sie auch besuchen, ohne Angaben zu Ihrer Person zu machen. Zur Verbesserung unseres Online-Angebotes speichern wir jedoch (ohne Personenbezug) Ihre Zugriffsdaten auf diese Website. Zu diesen Zugriffsdaten gehören z. B. die von Ihnen angeforderte Datei oder der Name Ihres Internet-Providers. Durch die Anonymisierung der Daten sind Rückschlüsse auf Ihre Person nicht möglich.</p>



<p>Für den Versand von Newslettern wird ein Plug-In genutzt, welches auf dem Hoster Newsletter-relevante Daten speichert.</p>



<h4 class="wp-block-heading" id="umgang-mit-kontaktdaten">Umgang mit Kontaktdaten</h4>



<p>Nehmen Sie mit uns als Websitebetreiber durch die angebotenen Kontaktmöglichkeiten Verbindung auf, werden Ihre Angaben gespeichert, damit auf diese zur Bearbeitung und Beantwortung Ihrer Anfrage zurückgegriffen werden kann. Ohne Ihre Einwilligung werden diese Daten nicht an Dritte weitergegeben.</p>



<h4 class="wp-block-heading" id="rechte-des-nutzers">Rechte des Nutzers</h4>



<p>Sie haben als Nutzer das Recht, auf Antrag eine kostenlose Auskunft darüber zu erhalten, welche personenbezogenen Daten über Sie gespeichert wurden. Sie haben außerdem das Recht auf Berichtigung falscher Daten und auf die Verarbeitungseinschränkung oder Löschung Ihrer personenbezogenen Daten. Falls zutreffend, können Sie auch Ihr Recht auf Datenportabilität geltend machen. Sollten Sie annehmen, dass Ihre Daten unrechtmäßig verarbeitet wurden, können Sie eine Beschwerde bei der zuständigen Aufsichtsbehörde einreichen.</p>



<h4 class="wp-block-heading" id="loschung-von-daten">Löschung von Daten</h4>



<p>Sofern Ihr Wunsch nicht mit einer gesetzlichen Pflicht zur Aufbewahrung von Daten (z. B. Vorratsdatenspeicherung) kollidiert, haben Sie ein Anrecht auf Löschung Ihrer Daten. Von uns gespeicherte Daten werden, sollten sie für ihre Zweckbestimmung nicht mehr vonnöten sein und es keine gesetzlichen Aufbewahrungsfristen geben, gelöscht. Falls eine Löschung nicht durchgeführt werden kann, da die Daten für zulässige gesetzliche Zwecke erforderlich sind, erfolgt eine Einschränkung der Datenverarbeitung. In diesem Fall werden die Daten gesperrt und nicht für andere Zwecke verarbeitet.</p>



<h4 class="wp-block-heading" id="widerspruchsrecht">Widerspruchsrecht</h4>



<p>Nutzer dieser Webseite können von ihrem Widerspruchsrecht Gebrauch machen und der Verarbeitung ihrer personenbezogenen Daten zu jeder Zeit widersprechen.</p>



<p>Wenn Sie eine Berichtigung, Sperrung, Löschung oder Auskunft über die zu Ihrer Person gespeicherten personenbezogenen Daten wünschen oder Fragen bzgl. der Erhebung, Verarbeitung oder Verwendung Ihrer personenbezogenen Daten haben oder erteilte Einwilligungen widerrufen möchten, wenden Sie sich bitte an folgende E-Mail-Adresse: contact@nessana-art.com.</p>



<p>Quelle: Datenschutz.org&nbsp;<a href="https://www.datenschutz.org/datenschutzerklaerung-website/">Datenschutzerklärung für Website I Datenschutz 2021</a></p>

<p>Grundlegendes&nbsp; Diese Datenschutzerklärung soll die Nutzer dieser Website über die Art, den Umfang und den Zweck der Erhebung und Verwendung personenbezogener Daten durch den Websitebetreiber Vanessa Nafzger/Nessaña informieren. Der Websitebetreiber nimmt Ihren Datenschutz sehr ernst und behandelt personenbezogene Daten vertraulich und entsprechend der gesetzlichen Vorschriften. Da durch neue Technologien und die ständige Weiterentwicklung dieser Webseite&hellip;</p>
